{"id":19,"date":"2023-09-22T14:30:55","date_gmt":"2023-09-22T14:30:55","guid":{"rendered":"https:\/\/alimusasaricimen.av.tr\/anasayfa\/?page_id=19"},"modified":"2025-10-01T18:02:46","modified_gmt":"2025-10-01T15:02:46","slug":"front-page","status":"publish","type":"page","link":"https:\/\/alimusasaricimen.av.tr\/anasayfa\/","title":{"rendered":"Ana Sayfa"},"content":{"rendered":"<p>Av. Arb. Ali Musa SARI\u00c7\u0130MEN<img loading=\"lazy\" decoding=\"async\" class=\"alignleft wp-image-157\" src=\"https:\/\/alimusasaricimen.av.tr\/anasayfa\/wp-content\/uploads\/2023\/09\/Ali_Musa_Saricimen.jpg\" alt=\"\" width=\"152\" height=\"202\" \/><\/p>\n<p style=\"text-align: justify;\">1968 y\u0131l\u0131nda Erzincan&#8217;da do\u011fdu. 1995 y\u0131l\u0131nda \u0130stanbul \u00dcniversitesi Hukuk Fak\u00fcltesinden mezun oldu. Ceza Hukuku, \u0130dare Hukuku, Gayrimenkul Hukuku, Ticaret Hukuku , T\u00fcketici Hukuku, \u0130\u015f ve Sosyal G\u00fcvenlik Hukuku,\u00a0 Deniz Ticaret Hukuku , Devletler hukuku, Fikri M\u00fclkiyet Hukuku, Spor Hukuku alanlar\u0131nda uzmanla\u015fm\u0131\u015ft\u0131r. 1996 y\u0131l\u0131ndan bu yana Baran Hukuk B\u00fcrosunda serbest avukatl\u0131k yapmaktad\u0131r. Ayr\u0131ca \u0130\u015f hukuku, Ticaret Hukuku, T\u00fcketici Hukuku alanlar\u0131nda uzman arabulucu olup 2017 y\u0131l\u0131ndan bu yana arabuluculuk faaliyeti yapmaktad\u0131r.<\/p>\n<p>&nbsp;<\/p>\n<p>Av. Arb. Zuhal SARI\u00c7\u0130MEN<img loading=\"lazy\" decoding=\"async\" class=\"alignleft wp-image-157\" src=\"https:\/\/alimusasaricimen.av.tr\/anasayfa\/wp-content\/uploads\/2023\/10\/zuhal-son.jpg\" alt=\"\" width=\"152\" height=\"202\" \/><\/p>\n<p style=\"text-align: justify;\">1972 y\u0131l\u0131nda Kocaeli&#8217;de do\u011fdu. 1994 y\u0131l\u0131nda \u0130stanbul \u00dcniversitesi Hukuk Fak\u00fcltesinden mezun oldu. Aile Hukuku, Medeni Hukuk, Miras Hukuku, \u0130cra \u0130flas Hukuku, Gayrimenkul Hukuku, Ticaret Hukuku, T\u00fcketici Hukuku, \u0130\u015f ve Sosyal G\u00fcvenlik Hukuku, Sigorta Hukuku,\u00a0 Bor\u00e7lar Hukuku alanlar\u0131nda uzmanla\u015fm\u0131\u015ft\u0131r. 1996 y\u0131l\u0131ndan bu yana Baran Hukuk B\u00fcrosunda serbest avukatl\u0131k yapmaktad\u0131r. \u0130\u015f hukuku, Ticaret Hukuku, T\u00fcketici Hukuku, Sigorta Hukuku alanlar\u0131nda uzman arabulucu olup 2017 y\u0131l\u0131ndan bu yana arabuluculuk faaliyeti yapmaktad\u0131r.<\/p>\n<p>&nbsp;<\/p>\n<p>Av. Do\u011fu Baran SARI\u00c7\u0130MEN <img loading=\"lazy\" decoding=\"async\" class=\"alignleft wp-image-157\" src=\"https:\/\/alimusasaricimen.av.tr\/anasayfa\/wp-content\/uploads\/2023\/10\/Baran-cubbe-225x300.jpg\" alt=\"\" width=\"152\" height=\"202\" \/><\/p>\n<p style=\"text-align: justify;\">1996 y\u0131l\u0131nda \u0130stanbul&#8217;da do\u011fdu. 2018 y\u0131l\u0131nda \u0130stanbul \u00dcniversitesi Hukuk Fak\u00fcltesinden mezun oldu. Ceza Hukuku, \u0130dare Hukuku, \u0130\u015f ve Sosyal G\u00fcvenlik Hukuku , Medeni Hukuk, Bor\u00e7lar Hukuku, \u0130cra \u0130flas Hukuku alanlar\u0131nda uzmanla\u015fm\u0131\u015ft\u0131r. 2020 y\u0131l\u0131ndan bu yana Baran Hukuk B\u00fcrosunda serbest avukatl\u0131k yapmaktad\u0131r. Eyl\u00fcl 2024 itibar\u0131yla \u0130stanbul \u00dcniversitesinde Kamu Hukuku alan\u0131nda y\u00fcksek lisans yapmaktad\u0131r.<\/p>\n","protected":false},"excerpt":{"rendered":"<p>Av. Arb. Ali Musa SARI\u00c7\u0130MEN 1968 y\u0131l\u0131nda Erzincan&#8217;da do\u011fdu. 1995 y\u0131l\u0131nda \u0130stanbul \u00dcniversitesi Hukuk Fak\u00fcltesinden mezun oldu. Ceza Hukuku, \u0130dare Hukuku, Gayrimenkul Hukuku, Ticaret Hukuku , T\u00fcketici Hukuku, \u0130\u015f ve Sosyal G\u00fcvenlik Hukuku,\u00a0 Deniz Ticaret Hukuku , Devletler hukuku, Fikri M\u00fclkiyet Hukuku, Spor Hukuku alanlar\u0131nda uzmanla\u015fm\u0131\u015ft\u0131r. 1996 y\u0131l\u0131ndan bu yana Baran Hukuk B\u00fcrosunda serbest avukatl\u0131k [&hellip;]<\/p>\n","protected":false},"author":1,"featured_media":0,"parent":0,"menu_order":1,"comment_status":"closed","ping_status":"closed","template":"","meta":{"footnotes":""},"class_list":["post-19","page","type-page","status-publish","hentry"],"_links":{"self":[{"href":"https:\/\/alimusasaricimen.av.tr\/anasayfa\/index.php?rest_route=\/wp\/v2\/pages\/19","targetHints":{"allow":["GET"]}}],"collection":[{"href":"https:\/\/alimusasaricimen.av.tr\/anasayfa\/index.php?rest_route=\/wp\/v2\/pages"}],"about":[{"href":"https:\/\/alimusasaricimen.av.tr\/anasayfa\/index.php?rest_route=\/wp\/v2\/types\/page"}],"author":[{"embeddable":true,"href":"https:\/\/alimusasaricimen.av.tr\/anasayfa\/index.php?rest_route=\/wp\/v2\/users\/1"}],"replies":[{"embeddable":true,"href":"https:\/\/alimusasaricimen.av.tr\/anasayfa\/index.php?rest_route=%2Fwp%2Fv2%2Fcomments&post=19"}],"version-history":[{"count":24,"href":"https:\/\/alimusasaricimen.av.tr\/anasayfa\/index.php?rest_route=\/wp\/v2\/pages\/19\/revisions"}],"predecessor-version":[{"id":561,"href":"https:\/\/alimusasaricimen.av.tr\/anasayfa\/index.php?rest_route=\/wp\/v2\/pages\/19\/revisions\/561"}],"wp:attachment":[{"href":"https:\/\/alimusasaricimen.av.tr\/anasayfa\/index.php?rest_route=%2Fwp%2Fv2%2Fmedia&parent=19"}],"curies":[{"name":"wp","href":"https:\/\/api.w.org\/{rel}","templated":true}]}}